culate b(-6).
75
Let c(l) = l**2 - 56*l + 518. Give c(14).
-70
Let k(b) = 80*b + 2742. Give k(-34).
22
Let j(w) = -w**3 + 91*w**2 - 60*w - 2705. Determine j(90).
-5
Let o(f) = 2503*f + 12514. What is o(-5)?
-1
Let u(z) = 49*z + 36. Calculate u(18).
918
Let f(q) = 4*q**2 - 165*q + 35. Determine f(41).
-6
Let x(g) = -455*g + 55054. Give x(121).
-1
Let o(r) = -15*r + 377. Give o(29).
-58
Let s(o) = -257*o + 4629. Give s(18).
3
Let m(g) = g**2 + 39*g - 595. Give m(-50).
-45
Let v(r) = 34*r - 109. What is v(3)?
-7
Let l(b) = -45*b - 489. What is l(-11)?
6
Let d(k) = -11595*k - 255097. What is d(-22)?
-7
Let m(b) = -2331*b**2 - 14009*b - 135. What is m(-6)?
3
Let t(i) = -i**3 - 51*i**2 - 69*i + 1414. Give t(-49).
-7
Let v(d) = 2*d**2 - 21*d + 22. Determine v(13).
87
Let f(y) = -y**3 + y**2 + 4*y - 24. Calculate f(-10).
1036
Let g(x) = -75*x + 56. Give g(1).
-19
Let n(h) = 17*h - 522. Determine n(31).
5
Let c(g) = 2*g**2 + 9707*g - 22. Calculate c(0).
-22
Let s(q) = -q**3 - 87*q**2 - 65*q + 1838. What is s(-86)?
32
Let r(n) = -n**2 - 4*n + 187. Give r(12).
-5
Let l(z) = -7*z**2 - 40*z - 46. What is l(-2)?
6
Let k(m) = m**3 + 51*m**2 + 267*m + 1674. Determine k(-46).
-28
Let a(r) = -610*r - 7914. What is a(-13)?
16
Let v(t) = -19*t - 143. Give v(-7).
-10
Let u(j) = 7*j**2 - 153*j - 15. Determine u(23).
169
Let x(g) = -g**3 + 73*g**2 + 54*g + 1463. Determine x(74).
-17
Let w(t) = -4*t**2 + 95*t - 150. Determine w(22).
4
Let r(m) = 275*m + 1108. Calculate r(-4).
8
Let k(q) = 17*q + 762. Calculate k(-45).
-3
Let n(u) = u**2 - 353*u - 2105. What is n(-6)?
49
Let j(r) = 7*r + 93. What is j(-13)?
2
Let u(z) = -2*z**2 + 430*z - 12331. What is u(181)?
-23
Let n(u) = -200*u - 35594. Give n(-178).
6
Let x(l) = -50*l**2 - 4506*l - 528. Calculate x(-90).
12
Let m(u) = 35*u - 152. Calculate m(7).
93
Let g(l) = 2*l**2 - 42*l + 16. Determine g(21).
16
Let d(m) = -3448*m + 3451. Calculate d(1).
3
Let d(t) = 2*t**3 + 27*t**2 - 13*t + 21. Give d(-14).
7
Let t(u) = -8*u**3 - 10*u**2 - 11*u + 19. Determine t(-3).
178
Let t(s) = -32*s - 158. Calculate t(-10).
162
Let q(v) = -v**3 - 11*v**2 - 18*v + 10. Give q(-9).
10
Let o(b) = -12*b - 1528. Give o(-128).
8
Let c(s) = 10*s - 605. Calculate c(60).
-5
Let q(v) = -309*v - 2614. Give q(-7).
-451
Let h(g) = -6*g**3 + 27*g**2 + 142*g + 12. Calculate h(-4).
260
Let x(s) = 170*s + 2379. Calculate x(-14).
-1
Let o(v) = -70*v + 42. Give o(-6).
462
Let h(c) = -c**3 - 22*c**2 - 66*c - 153. Give h(-19).
18
Let k(b) = b**2 - 94*b + 10. Determine k(0).
10
Let d(x) = -93*x - 742. Give d(-8).
2
Let n(z) = -65*z - 412. Determine n(-6).
-22
Let a(x) = x**3 + 69*x**2 + 485*x - 20. What is a(-8)?
4
Let y(l) = 8*l**3 - 293*l**2 - 103*l - 302. Calculate y(37).
-6
Let i(x) = x**3 + 11*x**2 - 80*x - 810. Calculate i(-12).
6
Let x(g) = 154*g**3 + 21*g + 20. Calculate x(-1).
-155
Let x(h) = -64*h - 3671. Give x(-57).
-23
Let s(i) = 34*i**2 - 850*i + 8. What is s(25)?
8
Let n(f) = 825*f + 37153. Give n(-45).
28
Let j(h) = -h**2 - 11*h - 2. What is j(-15)?
-62
Let a(o) = 878*o + 4395. What is a(-5)?
5
Let s(p) = -108*p - 40. Give s(-1).
68
Let l(c) = 12*c - 106. Calculate l(-5).
-166
Let o(n) = -744*n + 113083. Determine o(152).
-5
Let x(h) = -2046*h - 44996. Determine x(-22).
16
Let w(l) = 22*l + 72. Give w(-4).
-16
Let z(g) = -110*g**2 + 3*g + 16. Give z(-2).
-430
Let x(c) = 101*c - 71. Calculate x(-3).
-374
Let r(z) = 9*z**2 + 825*z + 3286. Give r(-4).
130
Let b(f) = -33*f + 406. Determine b(5).
241
Let z(x) = x**2 + 17*x - 155. What is z(-23)?
-17
Let j(o) = o**2 + 51*o - 241. Determine j(-56).
39
Let w(g) = -728*g - 42231. Determine w(-58).
-7
Let b(g) = -336*g - 647. Give b(-4).
697
Let u(v) = -815*v + 3286. Calculate u(4).
26
Let c(i) = -2*i**2 - 23*i + 1393. What is c(22)?
-81
Let r(z) = 907*z + 929. Calculate r(-1).
22
Let c(l) = -96*l**2 + 3263*l + 35. Give c(34).
1
Let n(k) = -22*k**3 + 2*k**2 - 5*k + 1. Calculate n(1).
-24
Let f(v) = -2*v**2 + 50*v + 116. What is f(28)?
-52
Let f(b) = -b**3 + 4*b**2 - 77*b + 872. Determine f(8).
0
Let p(f) = f**3 - 32*f**2 - 38*f + 172. Determine p(33).
7
Let g(r) = r**2 - 6*r + 84. What is g(7)?
91
Let o(n) = 95*n - 559. Give o(6).
11
Let a(f) = 2*f**3 - 60*f**2 - 129*f + 23. Determine a(32).
-9
Let n(v) = 13*v - 9. What is n(-1)?
-22
Let j(m) = -2*m**2 - 7752*m + 31033. What is j(4)?
-7
Let p(o) = 237*o + 1435. Calculate p(-6).
13
Let t(a) = -a**2 + 31*a + 23. Calculate t(20).
243
Let q(d) = -d**2 - 30*d - 179. What is q(-15)?
46
Let p(t) = -t**2 + 8*t + 272. Calculate p(22).
-36
Let k(p) = 691*p - 3475. What is k(5)?
-20
Let v(l) = 182*l + 18. Calculate v(0).
18
Let f(d) = -2*d**2 - 166*d + 6214. Determine f(-111).
-2
Let n(l) = -l**3 + 2*l**2 + 5*l - 3. Determine n(0).
-3
Let k(v) = 2*v**3 - 12*v**2 - 5*v + 57. What is k(9)?
498
Let w(d) = 4*d**2 - 47*d + 14. Give w(11).
-19
Let x(l) = -136*l. Calculate x(0).
0
Let w(v) = -v**3 - 20*v**2 - 32*v - 541. Give w(-21).
572
Let z(a) = a**3 - 5*a + 2. Calculate z(0).
2
Let b(l) = -319*l - 12110. Give b(-38).
12
Let m(c) = c**3 + 6*c**2 + 127*c + 354. Determine m(-3).
0
Let t(i) = i**3 + 43*i**2 + 30*i + 36. Determine t(0).
36
Let w(c) = c**3 - 40*c**2 + 173*c - 22. Determine w(35).
-92
Let o(d) = -d**3 + 56*d**2 - 256*d + 26. What is o(51)?
-25
Let x(h) = 7*h**2 - 15*h + 6. Calculate x(2).
4
Let c(b) = 6*b**2 + 86*b - 13. Give c(-15).
47
Let o(k) = 9*k**3 + 4*k**2 + 6*k - 16. Calculate o(2).
84
Let w(f) = 3*f**3 + 56*f**2 - 83*f - 56. Give w(-20).
4
Let r(t) = -246*t + 87079. Give r(354).
-5
Let s(j) = -j**2 + 57*j - 506. What is s(44)?
66
Let z(w) = 3*w**3 - 209*w**2 - 47*w - 1608. Determine z(70).
2
Let a(r) = 1523*r - 18278. Determine a(12).
-2
Let j(s) = -470*s + 1882. Calculate j(4).
2
Let z(g) = -2*g**2 + 6*g + 6. Calculate z(5).
-14
Let o(x) = 150*x**3 + 6*x**2 - 2*x - 7. Calculate o(-1).
-149
Let l(h) = 10*h**3 - 6*h**2 + 10*h + 12. Determine l(3).
258
Let l(w) = -33*w - 1441. Determine l(-43).
-22
Let y(g) = -757*g + 20. Calculate y(0).
20
Let c(x) = 2*x**3 + 35*x**2 + 21*x + 46. Calculate c(-17).
-22
Let y(r) = 4*r**2 - 131*r - 75. Determine y(33).
-42
Let c(g) = -6*g**2 + 3*g. What is c(2)?
-18
Let a(q) = -q**3 + 40*q**2 - 259*q + 27. Determine a(8).
3
Let y(q) = q - 13. What is y(5)?
-8
Let q(d) = 98*d + 1128. Give q(-8).
344
Let n(i) = 24*i**2 - 3528*i - 98. Determine n(147).
-98
Let v(y) = 922*y - 51633. What is v(56)?
-1
Let l(w) = w**3 + 101*w**2 + 2478*w - 57. What is l(-42)?
-57
Let k(g) = -327*g - 767. Determine k(-3).
214
Let o(n) = -n**3 - 6*n**2 + n + 10. Determine o(-5).
-20
Let m(c) = c**2 - 17*c + 49. What is m(5)?
-11
Let a(l) = l**3 - 225*l**2 + 12655*l - 116. What is a(111)?
-5
Let l(z) = -270*z - 4338. What is l(-16)?
-18
Let o(d) = -3*d**3 + 51*d**2 + 4*d + 96. Determine o(17).
164
Let k(w) = -10*w**2 + 19*w + 49. Give k(-3).
-98
Let b(x) = 894*x - 4468. Determine b(5).
2
Let l(c) = c**3 - 4*c**2 - 32*c - 9. Determine l(9).
108
Let f(l) = l**2 + 704*l + 121882. What is f(-307)?
3
Let x(r) = -r**2 + 5*r + 341. Determine x(21).
5
Let t(r) = 198*r - 2823. Calculate t(14).
-51
Let p(a) = a**3 - 30*a**2 - 24*a - 134. Give p(31).
83
Let w(k) = -213*k + 1343. Calculate w(6).
65
Let b(k) = -3*k**2 - 166*k - 630. Calculate b(-4).
-14
Let b(f) = -121*f - 724. Give b(-6).
2
Let f(v) = -3*v**2 + 6*v - 17. Calculate f(-10).
-377
Let w(x) = 647*x + 704. What is w(-1)?
57
Let z(d) = -2*d - 214. What is z(-27)?
-160
Let v(b) = -509*b - 5081. What is v(-10)?
9
Let n(i) = i**2 - 29*i - 114. Calculate n(29).
-114
Let q(d) = d**3 + 15*d**2 - 14*d - 77. What is q(-15)?
133
Let g(d) = -d**3 + 10*d**2 - 2*d - 5. What is g(8)?
107
Let a(z) = 2*z**2 + 42*z - 1. Give a(-6).
-181
Let p(l) = -4*l**2 + 181*l + 495. Give p(48).
-33
Let u(i) = i**2 + 2*i - 7043. Give u(-85).
12
Let w(i) = i**2 + 197*i - 1011. Determine w(5).
-1
Let i(f) = 508*f + 5087. What is i(-10)?
7
Let l(q) = -21*q - 127. What is l(-6)?
-1
Let a(u) = -u**2 + 20*u - 32. Give a(8).
64
Let u(a) = -a**3 + 32*a**2 - 284*a + 1779. What is u(23)?
8
Let q(r) = 3*r**2 - 156*r - 337. What is q(54)?
-13
Let u(y) = -y**3 + 4*y**2 + 65*y - 18. Give u(10).
32
Let h(a) = -89*a - 1475. What is h(-18)?
127
Let b(l) = -l**3 - 22*l**2 - 23*l - 30. Calculate b(-21).
12
Let c(q) = -39*q - 4172. Calculat